{"id":95,"date":"2022-12-09T16:47:07","date_gmt":"2022-12-09T15:47:07","guid":{"rendered":"http:\/\/paolagentelle.com\/?page_id=95"},"modified":"2025-05-07T16:14:26","modified_gmt":"2025-05-07T14:14:26","slug":"expositions","status":"publish","type":"page","link":"https:\/\/paolagentelle.com\/index.php\/expositions\/","title":{"rendered":"Expositions"},"content":{"rendered":"\n<p><\/p>\n\n\n\n<p class=\"has-text-align-center\">La Chartreuse &#8211; Art Contemporain S\u00e8vres &#8211; du 27 janvier au 4 f\u00e9vrier 2024<\/p>\n\n\n\n<figure class=\"wp-block-image size-large\"><img loading=\"lazy\" decoding=\"async\" width=\"2016\" height=\"1134\" src=\"https:\/\/paolagentelle.com\/wp-content\/uploads\/2025\/05\/Exposition-a-La-Chartreuse-Art-Contemporain-Sevres-du-27-janvier-au-4-fevrier-2024-edited.jpg\" alt=\"Paola Gentelle -Exposition \u00e0 La Chartreuse  - Art Contemporain S\u00e8vres\" class=\"wp-image-346\" srcset=\"https:\/\/paolagentelle.com\/wp-content\/uploads\/2025\/05\/Exposition-a-La-Chartreuse-Art-Contemporain-Sevres-du-27-janvier-au-4-fevrier-2024-edited.jpg 2016w, https:\/\/paolagentelle.com\/wp-content\/uploads\/2025\/05\/Exposition-a-La-Chartreuse-Art-Contemporain-Sevres-du-27-janvier-au-4-fevrier-2024-edited-300x169.jpg 300w, https:\/\/paolagentelle.com\/wp-content\/uploads\/2025\/05\/Exposition-a-La-Chartreuse-Art-Contemporain-Sevres-du-27-janvier-au-4-fevrier-2024-edited-1024x576.jpg 1024w, https:\/\/paolagentelle.com\/wp-content\/uploads\/2025\/05\/Exposition-a-La-Chartreuse-Art-Contemporain-Sevres-du-27-janvier-au-4-fevrier-2024-edited-768x432.jpg 768w, https:\/\/paolagentelle.com\/wp-content\/uploads\/2025\/05\/Exposition-a-La-Chartreuse-Art-Contemporain-Sevres-du-27-janvier-au-4-fevrier-2024-edited-1536x864.jpg 1536w, https:\/\/paolagentelle.com\/wp-content\/uploads\/2025\/05\/Exposition-a-La-Chartreuse-Art-Contemporain-Sevres-du-27-janvier-au-4-fevrier-2024-edited-1568x882.jpg 1568w\" sizes=\"auto, (max-width: 2016px) 100vw, 2016px\" \/><\/figure>\n\n\n\n<p class=\"has-text-align-center\">Galerie de l&rsquo;Europe du 26 avril au 08 mai 2022<\/p>\n\n\n\n<figure class=\"wp-block-gallery alignwide has-nested-images columns-default is-cropped wp-block-gallery-1 is-layout-flex wp-block-gallery-is-layout-flex\">\n<figure class=\"wp-block-image size-large\"><img loading=\"lazy\" decoding=\"async\" width=\"1024\" height=\"461\" data-id=\"219\" src=\"http:\/\/paolagentelle.com\/wp-content\/uploads\/2023\/01\/20220506_1237100-1-1024x461.jpg\" alt=\"\" class=\"wp-image-219\" srcset=\"https:\/\/paolagentelle.com\/wp-content\/uploads\/2023\/01\/20220506_1237100-1-1024x461.jpg 1024w, https:\/\/paolagentelle.com\/wp-content\/uploads\/2023\/01\/20220506_1237100-1-300x135.jpg 300w, https:\/\/paolagentelle.com\/wp-content\/uploads\/2023\/01\/20220506_1237100-1-768x346.jpg 768w, https:\/\/paolagentelle.com\/wp-content\/uploads\/2023\/01\/20220506_1237100-1-1536x691.jpg 1536w, https:\/\/paolagentelle.com\/wp-content\/uploads\/2023\/01\/20220506_1237100-1-2048x922.jpg 2048w\" sizes=\"auto, (max-width: 1024px) 100vw, 1024px\" \/><\/figure>\n\n\n\n<figure class=\"wp-block-image size-large\"><img loading=\"lazy\" decoding=\"async\" width=\"1024\" height=\"461\" data-id=\"218\" src=\"http:\/\/paolagentelle.com\/wp-content\/uploads\/2023\/01\/20220506_123755-1024x461.jpg\" alt=\"\" class=\"wp-image-218\" srcset=\"https:\/\/paolagentelle.com\/wp-content\/uploads\/2023\/01\/20220506_123755-1024x461.jpg 1024w, https:\/\/paolagentelle.com\/wp-content\/uploads\/2023\/01\/20220506_123755-300x135.jpg 300w, https:\/\/paolagentelle.com\/wp-content\/uploads\/2023\/01\/20220506_123755-768x346.jpg 768w, https:\/\/paolagentelle.com\/wp-content\/uploads\/2023\/01\/20220506_123755-1536x691.jpg 1536w, https:\/\/paolagentelle.com\/wp-content\/uploads\/2023\/01\/20220506_123755-2048x922.jpg 2048w\" sizes=\"auto, (max-width: 1024px) 100vw, 1024px\" \/><\/figure>\n<\/figure>\n\n\n\n<p class=\"has-text-align-center\">Galerie de l&rsquo;Europe du 4 au 23 f\u00e9vrier 2020<\/p>\n\n\n\n<figure class=\"wp-block-gallery alignwide has-nested-images columns-default is-cropped wp-block-gallery-2 is-layout-flex wp-block-gallery-is-layout-flex\">\n<figure class=\"wp-block-image size-large\"><img loading=\"lazy\" decoding=\"async\" width=\"1024\" height=\"576\" data-id=\"306\" src=\"http:\/\/paolagentelle.com\/wp-content\/uploads\/2023\/01\/thumbnail_DSC_1262-1024x576.jpg\" alt=\"Paola Gentelle - Galerie de l'Europe 4 au 23 f\u00e9vrier 2020\" class=\"wp-image-306\" srcset=\"https:\/\/paolagentelle.com\/wp-content\/uploads\/2023\/01\/thumbnail_DSC_1262-1024x576.jpg 1024w, https:\/\/paolagentelle.com\/wp-content\/uploads\/2023\/01\/thumbnail_DSC_1262-300x169.jpg 300w, https:\/\/paolagentelle.com\/wp-content\/uploads\/2023\/01\/thumbnail_DSC_1262-768x432.jpg 768w, https:\/\/paolagentelle.com\/wp-content\/uploads\/2023\/01\/thumbnail_DSC_1262-1200x675.jpg 1200w, https:\/\/paolagentelle.com\/wp-content\/uploads\/2023\/01\/thumbnail_DSC_1262.jpg 1280w\" sizes=\"auto, (max-width: 1024px) 100vw, 1024px\" \/><\/figure>\n\n\n\n<figure class=\"wp-block-image size-large\"><img loading=\"lazy\" decoding=\"async\" width=\"1024\" height=\"576\" data-id=\"307\" src=\"http:\/\/paolagentelle.com\/wp-content\/uploads\/2023\/01\/thumbnail_DSC_1263-1024x576.jpg\" alt=\"Paola Gentelle - Galerie de l'Europe 4 au 23 f\u00e9vrier 2020\" class=\"wp-image-307\" srcset=\"https:\/\/paolagentelle.com\/wp-content\/uploads\/2023\/01\/thumbnail_DSC_1263-1024x576.jpg 1024w, https:\/\/paolagentelle.com\/wp-content\/uploads\/2023\/01\/thumbnail_DSC_1263-300x169.jpg 300w, https:\/\/paolagentelle.com\/wp-content\/uploads\/2023\/01\/thumbnail_DSC_1263-768x432.jpg 768w, https:\/\/paolagentelle.com\/wp-content\/uploads\/2023\/01\/thumbnail_DSC_1263-1200x675.jpg 1200w, https:\/\/paolagentelle.com\/wp-content\/uploads\/2023\/01\/thumbnail_DSC_1263.jpg 1280w\" sizes=\"auto, (max-width: 1024px) 100vw, 1024px\" \/><\/figure>\n<\/figure>\n\n\n\n<p class=\"has-text-align-center\">Galerie de l&rsquo;Europe du 1er au 15 juillet 2018&nbsp;<\/p>\n\n\n\n<figure class=\"wp-block-gallery alignwide has-nested-images columns-default is-cropped wp-block-gallery-3 is-layout-flex wp-block-gallery-is-layout-flex\">\n<figure class=\"wp-block-image size-large\"><img loading=\"lazy\" decoding=\"async\" width=\"720\" height=\"540\" data-id=\"223\" src=\"http:\/\/paolagentelle.com\/wp-content\/uploads\/2023\/01\/thumbnail_DSC_0084-edited.jpg\" alt=\"\" class=\"wp-image-223\" srcset=\"https:\/\/paolagentelle.com\/wp-content\/uploads\/2023\/01\/thumbnail_DSC_0084-edited.jpg 720w, https:\/\/paolagentelle.com\/wp-content\/uploads\/2023\/01\/thumbnail_DSC_0084-edited-300x225.jpg 300w\" sizes=\"auto, (max-width: 720px) 100vw, 720px\" \/><\/figure>\n\n\n\n<figure class=\"wp-block-image size-large\"><img loading=\"lazy\" decoding=\"async\" width=\"720\" height=\"540\" data-id=\"224\" src=\"http:\/\/paolagentelle.com\/wp-content\/uploads\/2023\/01\/thumbnail_DSCPDC_0001_BURST20180703210656863_COVER-edited.jpg\" alt=\"\" class=\"wp-image-224\" srcset=\"https:\/\/paolagentelle.com\/wp-content\/uploads\/2023\/01\/thumbnail_DSCPDC_0001_BURST20180703210656863_COVER-edited.jpg 720w, https:\/\/paolagentelle.com\/wp-content\/uploads\/2023\/01\/thumbnail_DSCPDC_0001_BURST20180703210656863_COVER-edited-300x225.jpg 300w\" sizes=\"auto, (max-width: 720px) 100vw, 720px\" \/><\/figure>\n<\/figure>\n\n\n\n<p>Participation au Salon du Lion&rsquo;s Club Paris Concorde (2 tableaux \u00e0 ma gauche et \u00e0 ma droite)<\/p>\n\n\n\n<figure class=\"wp-block-gallery has-nested-images columns-default is-cropped wp-block-gallery-4 is-layout-flex wp-block-gallery-is-layout-flex\">\n<figure class=\"wp-block-image size-large\"><img loading=\"lazy\" decoding=\"async\" width=\"1024\" height=\"768\" data-id=\"222\" src=\"http:\/\/paolagentelle.com\/wp-content\/uploads\/2023\/01\/Salon-du-Lions-Club-Paris-Concorde-1024x768.jpg\" alt=\"\" class=\"wp-image-222\" srcset=\"https:\/\/paolagentelle.com\/wp-content\/uploads\/2023\/01\/Salon-du-Lions-Club-Paris-Concorde-1024x768.jpg 1024w, https:\/\/paolagentelle.com\/wp-content\/uploads\/2023\/01\/Salon-du-Lions-Club-Paris-Concorde-300x225.jpg 300w, https:\/\/paolagentelle.com\/wp-content\/uploads\/2023\/01\/Salon-du-Lions-Club-Paris-Concorde-768x576.jpg 768w, https:\/\/paolagentelle.com\/wp-content\/uploads\/2023\/01\/Salon-du-Lions-Club-Paris-Concorde.jpg 1280w\" sizes=\"auto, (max-width: 1024px) 100vw, 1024px\" \/><\/figure>\n<\/figure>\n","protected":false},"excerpt":{"rendered":"<p>La Chartreuse &#8211; Art Contemporain S\u00e8vres &#8211; du 27 janvier au 4 f\u00e9vrier 2024 Galerie de l&rsquo;Europe du 26 avril au 08 mai 2022 Galerie de l&rsquo;Europe du 4 au 23 f\u00e9vrier 2020 Galerie de l&rsquo;Europe du 1er au 15 juillet 2018&nbsp; Participation au Salon du Lion&rsquo;s Club Paris Concorde (2 tableaux \u00e0 ma gauche&hellip; <a class=\"more-link\" href=\"https:\/\/paolagentelle.com\/index.php\/expositions\/\">Poursuivre la lecture <span class=\"screen-reader-text\">Expositions<\/span><\/a><\/p>\n","protected":false},"author":1,"featured_media":0,"parent":0,"menu_order":0,"comment_status":"closed","ping_status":"closed","template":"","meta":{"footnotes":""},"class_list":["post-95","page","type-page","status-publish","hentry","entry"],"_links":{"self":[{"href":"https:\/\/paolagentelle.com\/index.php\/wp-json\/wp\/v2\/pages\/95","targetHints":{"allow":["GET"]}}],"collection":[{"href":"https:\/\/paolagentelle.com\/index.php\/wp-json\/wp\/v2\/pages"}],"about":[{"href":"https:\/\/paolagentelle.com\/index.php\/wp-json\/wp\/v2\/types\/page"}],"author":[{"embeddable":true,"href":"https:\/\/paolagentelle.com\/index.php\/wp-json\/wp\/v2\/users\/1"}],"replies":[{"embeddable":true,"href":"https:\/\/paolagentelle.com\/index.php\/wp-json\/wp\/v2\/comments?post=95"}],"version-history":[{"count":9,"href":"https:\/\/paolagentelle.com\/index.php\/wp-json\/wp\/v2\/pages\/95\/revisions"}],"predecessor-version":[{"id":347,"href":"https:\/\/paolagentelle.com\/index.php\/wp-json\/wp\/v2\/pages\/95\/revisions\/347"}],"wp:attachment":[{"href":"https:\/\/paolagentelle.com\/index.php\/wp-json\/wp\/v2\/media?parent=95"}],"curies":[{"name":"wp","href":"https:\/\/api.w.org\/{rel}","templated":true}]}}